{"id":2,"date":"2022-10-23T09:15:49","date_gmt":"2022-10-23T09:15:49","guid":{"rendered":"https:\/\/kuru.web.tr\/ibrahim\/?page_id=2"},"modified":"2022-10-23T09:40:41","modified_gmt":"2022-10-23T09:40:41","slug":"hakkimda","status":"publish","type":"page","link":"https:\/\/ibrahim.kuru.web.tr\/index.php\/hakkimda\/","title":{"rendered":"Hakk\u0131mda"},"content":{"rendered":"\t\t<div data-elementor-type=\"wp-page\" data-elementor-id=\"2\" class=\"elementor elementor-2\">\n\t\t\t\t\t\t<section class=\"elementor-section elementor-top-section elementor-element elementor-element-6a7f8a91 elementor-section-boxed elementor-section-height-default elementor-section-height-default\" data-id=\"6a7f8a91\" data-element_type=\"section\">\n\t\t\t\t\t\t<div class=\"elementor-container elementor-column-gap-default\">\n\t\t\t\t\t<div class=\"elementor-column elementor-col-100 elementor-top-column elementor-element elementor-element-8c10956\" data-id=\"8c10956\" data-element_type=\"column\">\n\t\t\t<div class=\"elementor-widget-wrap elementor-element-populated\">\n\t\t\t\t\t\t<div class=\"elementor-element elementor-element-2d60045 elementor-widget elementor-widget-text-editor\" data-id=\"2d60045\" data-element_type=\"widget\" data-widget_type=\"text-editor.default\">\n\t\t\t\t<div class=\"elementor-widget-container\">\n\t\t\t\t\t\t\t<p>Merhaba, ben \u0130brahim KURU.<\/p>\n<p>Antalyal\u0131, 3 Erkek \u00e7ocuk babas\u0131 \ud83d\ude42<\/p>\n<p>Bili\u015fim Teknolojileri \u00d6\u011fretmeniyim.&nbsp;<\/p>\t\t\t\t\t\t<\/div>\n\t\t\t\t<\/div>\n\t\t\t\t\t<\/div>\n\t\t<\/div>\n\t\t\t\t\t<\/div>\n\t\t<\/section>\n\t\t\t\t<\/div>\n\t\t","protected":false},"excerpt":{"rendered":"<p>Merhaba, ben \u0130brahim KURU. Antalyal\u0131, 3 Erkek \u00e7ocuk babas\u0131 \ud83d\ude42 Bili\u015fim Teknolojileri \u00d6\u011fretmeniyim.&nbsp;<\/p>\n","protected":false},"author":1,"featured_media":0,"parent":0,"menu_order":0,"comment_status":"closed","ping_status":"open","template":"","meta":{"footnotes":""},"class_list":["post-2","page","type-page","status-publish","hentry"],"_links":{"self":[{"href":"https:\/\/ibrahim.kuru.web.tr\/index.php\/wp-json\/wp\/v2\/pages\/2"}],"collection":[{"href":"https:\/\/ibrahim.kuru.web.tr\/index.php\/wp-json\/wp\/v2\/pages"}],"about":[{"href":"https:\/\/ibrahim.kuru.web.tr\/index.php\/wp-json\/wp\/v2\/types\/page"}],"author":[{"embeddable":true,"href":"https:\/\/ibrahim.kuru.web.tr\/index.php\/wp-json\/wp\/v2\/users\/1"}],"replies":[{"embeddable":true,"href":"https:\/\/ibrahim.kuru.web.tr\/index.php\/wp-json\/wp\/v2\/comments?post=2"}],"version-history":[{"count":5,"href":"https:\/\/ibrahim.kuru.web.tr\/index.php\/wp-json\/wp\/v2\/pages\/2\/revisions"}],"predecessor-version":[{"id":19,"href":"https:\/\/ibrahim.kuru.web.tr\/index.php\/wp-json\/wp\/v2\/pages\/2\/revisions\/19"}],"wp:attachment":[{"href":"https:\/\/ibrahim.kuru.web.tr\/index.php\/wp-json\/wp\/v2\/media?parent=2"}],"curies":[{"name":"wp","href":"https:\/\/api.w.org\/{rel}","templated":true}]}}